{"id":2110,"date":"2018-09-26T17:21:40","date_gmt":"2018-09-26T15:21:40","guid":{"rendered":"https:\/\/enbau-online.ch\/bautechnik-der-gebaeudehuelle\/?page_id=2110"},"modified":"2022-09-26T15:34:47","modified_gmt":"2022-09-26T13:34:47","slug":"ueber-die-publikation","status":"publish","type":"page","link":"https:\/\/enbau-online.ch\/bautechnik-der-gebaeudehuelle\/ueber-die-publikation\/","title":{"rendered":"\u00dcber die Publikation"},"content":{"rendered":"<p>Die Publikation vermittelt in leicht verst\u00e4ndlicher Weise das Basiswissen zu den heute g\u00e4ngigen Bauweisen der Geb\u00e4udeh\u00fclle, die in der Praxis sehr vielf\u00e4ltig sind.<\/p>\n<p>Es kommen u.a. Komponenten wie Behaglichkeit, W\u00e4rmeschutz, Schallschutz, Raumakustik, Feuchte, Luftdichtheit, Licht und Brandschutz zur Sprache, aber auch Dachkonstruktionen, Fenster, T\u00fcren, Treppe\/Lift, Wand- und Bodenkonstruktionen. Energiefragen, insbesondere die Sonnenenergienutzung, erhalten einen grossen Stellenwert. Auch Instandhaltung und Renovation werden thematisiert. Objektbeispiele sowie ein umfangreiches Glossar runden den Inhalt ab.<\/p>\n<p>Der Band eignet sich als Lehrmittel f\u00fcr die Ausbildung von Baufachleuten auf verschiedenen Stufen \u2013 von der Hochbauzeichnerausbildung bis zum Architekturstudium an Fachhochschulen und Hochschulen, sowie f\u00fcr die Weiterbildung von Baufachleuten in Planung und Ausf\u00fchrung. Ebenso dient er als Nachschlagewerk f\u00fcr Baupraktikerinnen und Baupraktiker in Planung und Ausf\u00fchrung.<\/p>\n","protected":false},"excerpt":{"rendered":"<p>Die Publikation vermittelt in leicht verst\u00e4ndlicher Weise das Basiswissen zu den heute g\u00e4ngigen Bauweisen der Geb\u00e4udeh\u00fclle, die in der Praxis sehr vielf\u00e4ltig sind. Es kommen u.a. Komponenten wie Behaglichkeit, W\u00e4rmeschutz, Schallschutz, Raumakustik, Feuchte, Luftdichtheit, Licht und Brandschutz zur Sprache, aber auch Dachkonstruktionen, Fenster, T\u00fcren, Treppe\/Lift, Wand- und Bodenkonstruktionen. Energiefragen, insbesondere die Sonnenenergienutzung, erhalten einen grossen [&#8230;]<\/p>\n","protected":false},"author":1,"featured_media":0,"parent":0,"menu_order":0,"comment_status":"closed","ping_status":"closed","template":"","meta":{"footnotes":""},"class_list":["post-2110","page","type-page","status-publish","hentry"],"_links":{"self":[{"href":"https:\/\/enbau-online.ch\/bautechnik-der-gebaeudehuelle\/wp-json\/wp\/v2\/pages\/2110","targetHints":{"allow":["GET"]}}],"collection":[{"href":"https:\/\/enbau-online.ch\/bautechnik-der-gebaeudehuelle\/wp-json\/wp\/v2\/pages"}],"about":[{"href":"https:\/\/enbau-online.ch\/bautechnik-der-gebaeudehuelle\/wp-json\/wp\/v2\/types\/page"}],"author":[{"embeddable":true,"href":"https:\/\/enbau-online.ch\/bautechnik-der-gebaeudehuelle\/wp-json\/wp\/v2\/users\/1"}],"replies":[{"embeddable":true,"href":"https:\/\/enbau-online.ch\/bautechnik-der-gebaeudehuelle\/wp-json\/wp\/v2\/comments?post=2110"}],"version-history":[{"count":2,"href":"https:\/\/enbau-online.ch\/bautechnik-der-gebaeudehuelle\/wp-json\/wp\/v2\/pages\/2110\/revisions"}],"predecessor-version":[{"id":4768,"href":"https:\/\/enbau-online.ch\/bautechnik-der-gebaeudehuelle\/wp-json\/wp\/v2\/pages\/2110\/revisions\/4768"}],"wp:attachment":[{"href":"https:\/\/enbau-online.ch\/bautechnik-der-gebaeudehuelle\/wp-json\/wp\/v2\/media?parent=2110"}],"curies":[{"name":"wp","href":"https:\/\/api.w.org\/{rel}","templated":true}]}}