{"id":96,"date":"2014-02-01T12:01:45","date_gmt":"2014-02-01T11:01:45","guid":{"rendered":"https:\/\/enbau-online.ch\/energiemanagement\/?page_id=96"},"modified":"2018-09-28T16:05:04","modified_gmt":"2018-09-28T14:05:04","slug":"ueber-die-publikation","status":"publish","type":"page","link":"https:\/\/enbau-online.ch\/energiemanagement\/ueber-die-publikation\/","title":{"rendered":"\u00dcber die Publikation"},"content":{"rendered":"<p>Das Gelingen der Energiewende h\u00e4ngt nicht zuletzt davon ab, wie das Management des Geb\u00e4udebetriebs in Unternehmen umgesetzt werden kann. Derzeit wird die gr\u00f6sste Energiemenge im Geb\u00e4udebereich verbraucht: Mittels Energiemanagement k\u00f6nnen wesentliche Einsparpotenziale nutzbar gemacht werden, dies in relativ kurzer Zeit und mit vergleichsweise wenig Investitionen.<\/p>\n<p>Dieses Buch vermittelt die wichtigsten Grundlagen, Methoden, Zusammenh\u00e4nge und M\u00f6glichkeiten des Energiemanagements. Es werden wichtige Begriffe, Anwendungen und Hilfsmittel erkl\u00e4rt. Grundlegende physikalische Zusammenh\u00e4nge erm\u00f6glichen einfache Berechnungen und Vergleiche. Checklisten helfen bei der Umsetzung und erleichtern es, wichtige Entscheidungen im Hinblick auf Planung und Betrieb zu f\u00e4llen.<\/p>\n<p>Der Band richtet sich an alle, die mit dem Bau und Unterhalt von Geb\u00e4uden zu tun haben, insbesondere Facility Manager und Betreiber von Geb\u00e4uden, aber auch Planer, Architekten und Bauherren. Das Buch fokussiert vor allem auf Themen des Managements und der Betriebsoptimierung, um ein systematisches Vorgehen und einen nachhaltigen Erfolg des Energiemanagements zu erm\u00f6glichen.<\/p>\n","protected":false},"excerpt":{"rendered":"<p>Die wichtigsten Grundlagen, Methoden, Zusammenh\u00e4nge und M\u00f6glichkeiten des Energiemanagements. Checklisten helfen bei der Umsetzung und erleichtern es, wichtige Entscheidungen im Hinblick auf Planung und Betrieb zu f\u00e4llen.<\/p>\n","protected":false},"author":1,"featured_media":0,"parent":0,"menu_order":0,"comment_status":"closed","ping_status":"closed","template":"","meta":{"footnotes":""},"class_list":["post-96","page","type-page","status-publish","hentry"],"_links":{"self":[{"href":"https:\/\/enbau-online.ch\/energiemanagement\/wp-json\/wp\/v2\/pages\/96","targetHints":{"allow":["GET"]}}],"collection":[{"href":"https:\/\/enbau-online.ch\/energiemanagement\/wp-json\/wp\/v2\/pages"}],"about":[{"href":"https:\/\/enbau-online.ch\/energiemanagement\/wp-json\/wp\/v2\/types\/page"}],"author":[{"embeddable":true,"href":"https:\/\/enbau-online.ch\/energiemanagement\/wp-json\/wp\/v2\/users\/1"}],"replies":[{"embeddable":true,"href":"https:\/\/enbau-online.ch\/energiemanagement\/wp-json\/wp\/v2\/comments?post=96"}],"version-history":[{"count":3,"href":"https:\/\/enbau-online.ch\/energiemanagement\/wp-json\/wp\/v2\/pages\/96\/revisions"}],"predecessor-version":[{"id":1788,"href":"https:\/\/enbau-online.ch\/energiemanagement\/wp-json\/wp\/v2\/pages\/96\/revisions\/1788"}],"wp:attachment":[{"href":"https:\/\/enbau-online.ch\/energiemanagement\/wp-json\/wp\/v2\/media?parent=96"}],"curies":[{"name":"wp","href":"https:\/\/api.w.org\/{rel}","templated":true}]}}